d) = d**2 + 5*d - 203. Give j(-17).
1
Let h(o) = -895*o + 45651. Determine h(51).
6
Let q(i) = 47*i + 465. Give q(-13).
-146
Let z(a) = -a**3 + 29*a**2 + 149*a - 406. What is z(33)?
155
Let p(z) = 19*z**2 - 234*z + 433. Give p(10).
-7
Let y(i) = 2*i**3 - 16*i**2 - 16*i - 65. Give y(9).
-47
Let c(h) = 2*h**3 - 15*h - 15. Determine c(6).
327
Let x(z) = z**2 + 46*z - 1577. Calculate x(-69).
10
Let d(k) = 2*k**3 + 132*k**2 + 822*k - 3. Give d(-7).
25
Let t(m) = -5*m + 148. Determine t(18).
58
Let o(j) = -13*j**3 - 4*j**2 - j + 6. Calculate o(-3).
324
Let f(y) = -18*y - 516. What is f(-40)?
204
Let i(y) = -y**3 + 16*y**2 + 9*y + 49. Give i(17).
-87
Let r(n) = 27*n - 2983. What is r(112)?
41
Let m(a) = 187*a + 1653. Calculate m(-6).
531
Let m(r) = 2622*r + 37. What is m(0)?
37
Let q(y) = 106*y + 215. Calculate q(-2).
3
Let y(z) = -z**3 - 5*z**2 - 2*z + 25. Give y(-6).
73
Let c(g) = -g**3 + 20*g**2 - 8*g - 201. Give c(19).
8
Let l(o) = -5*o**2 - 38*o + 13. Calculate l(-10).
-107
Let r(h) = -h**3 + 48*h**2 - 100*h + 4845. Give r(48).
45
Let b(i) = -3436*i - 30929. Calculate b(-9).
-5
Let j(n) = -115*n - 3078. Give j(-27).
27
Let c(v) = -49*v**2 - 452*v + 4. Calculate c(-10).
-376
Let c(j) = -j**2 + 15*j + 127. What is c(-6)?
1
Let i(z) = -z**2 + 1440*z - 4320. Give i(3).
-9
Let w(i) = -199*i + 73. Give w(-4).
869
Let w(o) = 31*o - 323. Calculate w(11).
18
Let l(j) = -1176*j - 453930. Determine l(-386).
6
Let j(x) = -x**2 + 159*x - 4844. What is j(118)?
-6
Let r(m) = -15*m**2 - 616*m + 89. Determine r(-41).
130
Let n(b) = -b**2 + 216*b - 10055. Give n(148).
9
Let p(a) = a**3 - 16*a**2 + 11*a + 31. What is p(15)?
-29
Let f(g) = -g**3 - 13*g**2 + 49*g + 4. What is f(3)?
7
Let s(x) = -8*x - 179. What is s(-11)?
-91
Let b(m) = -m**3 - 28*m**2 + 2*m - 26. What is b(-28)?
-82
Let y(b) = b**3 - 16*b**2 + 41*b - 643. Determine y(16).
13
Let h(a) = 519*a - 26528. Determine h(51).
-59
Let r(m) = 4*m**2 + 2*m + 8. What is r(-5)?
98
Let s(x) = x - 15. Give s(-16).
-31
Let l(i) = i**2 + 33*i + 176. Give l(-7).
-6
Let n(h) = h**2 + 29*h + 178. Calculate n(-8).
10
Let c(m) = m**2 + 52*m - 381. What is c(7)?
32
Let d(j) = j**2 + 22*j - 115. Give d(0).
-115
Let p(d) = 2*d**3 + 6*d**2 - 102*d - 411. What is p(-4)?
-35
Let l(z) = -z**3 - 24*z**2 + 185*z + 141. Calculate l(-30).
-9
Let q(f) = -f**3 - 18*f**2 + 37*f + 57. Calculate q(-19).
-285
Let g(p) = p**3 - p**2 - 18*p + 23. Calculate g(7).
191
Let r(u) = 100*u - 807. Determine r(7).
-107
Let y(t) = 114*t - 381. Give y(3).
-39
Let s(r) = r**3 - 41*r**2 + 45*r - 167. Calculate s(40).
33
Let j(d) = -2*d**2 - 39*d + 488. Calculate j(-28).
12
Let s(o) = -2*o**3 - 23*o**2 - 19*o - 71. What is s(-11)?
17
Let z(m) = -170*m - 2322. Give z(-14).
58
Let t(x) = x**2 + 106*x - 907. Calculate t(8).
5
Let c(t) = -t**2 - 10*t + 107. Give c(8).
-37
Let t(u) = 2*u**2 - 115*u + 474. What is t(48)?
-438
Let j(t) = -173*t**3 + t**2 + 4*t - 3. Give j(1).
-171
Let p(k) = 2*k**3 + 207*k**2 - 84*k + 2084. What is p(-104)?
4
Let m(h) = -10*h - 63. Determine m(5).
-113
Let f(v) = -23*v - 12. Give f(-4).
80
Let w(l) = 473*l - 216. Give w(1).
257
Let z(g) = -77*g**2 + g + 3. Calculate z(2).
-303
Let u(x) = -x**2 - 8*x + 5136. What is u(-76)?
-32
Let r(q) = -2*q**3 + 22*q**2 - 10*q + 107. What is r(10)?
207
Let u(j) = 882*j - 22938. Calculate u(26).
-6
Let j(x) = 1162*x + 1159. What is j(-1)?
-3
Let j(v) = 34*v + 260. Determine j(-15).
-250
Let k(c) = -3*c**2 - 306*c - 6718. Determine k(-70).
2
Let o(y) = 15*y**2 + 59*y + 17. Give o(-4).
21
Let u(q) = 27*q - 74. Calculate u(7).
115
Let p(x) = -669*x + 86. Give p(0).
86
Let f(w) = 10*w + 29. Determine f(-3).
-1
Let u(q) = q**3 - 22*q**2 + 110*q - 11. What is u(14)?
-39
Let l(h) = 2*h**3 - 17*h**2 + 13*h - 9. Give l(8).
31
Let s(j) = 210*j - 243. Determine s(2).
177
Let t(d) = -30*d**2 - 2*d + 5. What is t(-2)?
-111
Let y(m) = -7*m + 430. Determine y(72).
-74
Let f(x) = -9*x**2 + 23*x + 10. Give f(5).
-100
Let a(f) = -f**3 - 3*f**2 - 2*f - 47. What is a(-4)?
-23
Let j(u) = u**3 + 76*u**2 - 82*u - 455. What is j(-77)?
-70
Let p(u) = 11*u + 2292. Calculate p(-209).
-7
Let v(q) = 48*q + 6146. Calculate v(-128).
2
Let h(o) = -o**3 - 9*o**2 - 22*o - 12. Calculate h(-5).
-2
Let o(m) = -122*m + 5119. What is o(42)?
-5
Let w(d) = -251*d + 1743. Determine w(7).
-14
Let p(y) = -y**2 + 57*y - 308. What is p(51)?
-2
Let u(b) = -4*b**3 - 36*b**2 - 69*b - 82. Give u(-7).
9
Let n(z) = 179*z. Calculate n(2).
358
Let l(j) = 1139*j - 19357. Determine l(17).
6
Let b(t) = -t**2 - 11*t + 6. Give b(-12).
-6
Let i(w) = -w**3 + 30*w**2 + 65*w - 34. Give i(32).
-2
Let r(p) = -p**2 - 171*p - 1607. Calculate r(-10).
3
Let g(x) = x**3 - 16*x**2 + 48*x - 7. Calculate g(12).
-7
Let w(i) = 6*i**3 - 139*i**2 + 33*i - 229. Calculate w(23).
1
Let t(m) = -m**2 + 18*m - 45. Calculate t(15).
0
Let j(g) = -23*g - 342. Calculate j(-15).
3
Let n(m) = 27*m - 159. Give n(6).
3
Let o(t) = -t**2 + 1651*t + 8280. Calculate o(-5).
0
Let j(m) = 126*m - 6797. What is j(54)?
7
Let o(m) = 79*m - 5982. Calculate o(76).
22
Let n(i) = -4*i**3 - 4*i**2 - 2*i. Determine n(-3).
78
Let p(v) = 2*v**3 + 14*v**2 - v - 9. What is p(-7)?
-2
Let g(q) = q**2 + 2883*q - 134723. Calculate g(46).
11
Let s(y) = -6*y**3 - y**2 + 9*y - 6. What is s(1)?
-4
Let r(l) = l**3 - 18*l**2 + 52*l + 50. Determine r(9).
-211
Let y(g) = 391*g**3 - g**2 + 5*g - 3. What is y(1)?
392
Let z(n) = n**2 - 8*n + 14. Determine z(4).
-2
Let t(u) = -u**2 + 1946*u + 118290. Give t(-59).
-5
Let y(h) = -466*h + 100211. Calculate y(215).
21
Let p(g) = g**2 - 19*g - 123. Calculate p(24).
-3
Let p(f) = f**2 - 71*f + 1086. What is p(48)?
-18
Let d(x) = 9*x**3 - 874*x**2 - 783*x - 94. Give d(98).
4
Let y(m) = m**3 + 20*m**2 + 61*m + 2. Give y(-16).
50
Let w(i) = -50*i**2 - 2650*i + 1. What is w(-53)?
1
Let l(w) = 286*w - 26. Determine l(1).
260
Let b(n) = 5*n**2 + 143*n - 719. Calculate b(-33).
7
Let h(r) = -5*r**2 + 113*r - 24. What is h(23)?
-70
Let c(f) = -2903*f + 81280. What is c(28)?
-4
Let p(i) = -i**3 - 21*i**2 - 11*i - 36. What is p(-21)?
195
Let i(p) = 7*p**2 + 96*p + 2. Determine i(-14).
30
Let s(y) = y**3 - 61*y**2 - 128*y + 106. Give s(63).
-20
Let j(v) = -v**3 - 17*v**2 + 107*v + 484. Determine j(-21).
1
Let c(z) = -z**3 + 31*z**2 - 59*z + 11. What is c(29)?
-18
Let r(i) = -17*i**2 + 211*i - 1279. What is r(6)?
-625
Let z(g) = -g**3 - 13*g**2 + 50*g - 10. What is z(-16)?
-42
Let v(f) = -8214*f + 49214. Calculate v(6).
-70
Let t(a) = a**3 + 3*a**2 + 15*a - 21. Give t(0).
-21
Let y(q) = 1039*q + 191180. Calculate y(-184).
4
Let l(s) = 40*s - 84. Give l(5).
116
Let n(f) = 28*f - 192. Calculate n(6).
-24
Let o(a) = 315*a - 1579. Determine o(5).
-4
Let o(w) = -2*w**3 + 52*w**2 - 133*w - 115. What is o(23)?
0
Let y(s) = -15*s - 87. Determine y(-12).
93
Let t(y) = -1385*y + 2787. Give t(2).
17
Let m(u) = -562*u - 13. Determine m(0).
-13
Let i(p) = p**3 + 120*p**2 + 1097*p - 180. Calculate i(-110).
150
Let s(f) = f**2 + 113*f + 1994. What is s(-91)?
-8
Let x(h) = -27*h**3 + 9*h**2 - 19*h + 9. What is x(1)?
-28
Let w(k) = 2349*k + 86934. What is w(-37)?
21
Let q(b) = b**3 + 30*b**2 + 226*b + 13. Calculate q(-14).
-15
Let w(l) = 9*l - 96. Determine w(12).
12
Let s(a) = -a**3 - 16*a**2 - 38*a - 100. Calculate s(-12).
-220
Let o(h) = -5*h + 162. Determine o(48).
-78
Let c(a) = -5*a**2 + 267*a - 1640. Determine c(6).
-218
Let j(b) = 843*b + 4387. Calculate j(-6).
-671
Let s(f) = -9*f + 401. What is s(50)?
-49
Let t(x) = 6*x + 546. Determine t(-64).
162
Let g(d) = 4*d**3 + 217*d**2 + 50*d - 220. Calculate g(-54).
-4
Let o(r) = -2*r**3 + 8*r**2 - 4*r - 7. Calculate o(4).
-23
Let i(m) = -m**3 - 154*m**2 - 1707*m - 426. Calculate i(-142).
0
Let r(v) = -13*v**3 - 403*v**2 + 2*v + 70. Calculate r(-31).
8
Let y(n) = 219*n**2 + 7*n. What is y(1)?
226
Let b(x) = 6*x**3 - 34*x**2 + 52*x - 381. Calculate b(6).
3
Let g(q) = -q**2 - 54*q - 611. Determine g(-23).
102
Let n(y) = -y**2 - 3485*y + 24456. Give n(7).
12
Let p(x) = -5*x**2 + 156*x - 14. Determine p(31).
17
Let q(t) = 6*t**2 + 26*t - 11. Determine q(-5).
9
Let x(b) = -4*b**2 - 75*b - 150. Calculate x(-16).
26
Let s(r) = -2*r**3 - 9*r**2 + 11*r + 60. What is s(-7)?
228
Let o(l) = -21*l - 259. What is o(-18)?
119
Let g(f) = -f**2 + 82*f - 801. Cal